 2*v + 3*v, 5*y - 111 = 4*v. What are the prime factors of y?
23
Suppose w - 52 = 6. List the prime factors of w.
2, 29
Let k = -14 - -24. List the prime factors of 252/15 - 8/k.
2
Suppose 62 - 17 = 3*g. List the prime factors of g.
3, 5
Suppose -o + 0 = -3. What are the prime factors of o?
3
Suppose -t + 12 = 3*z, -3*t + 3*z - 4*z + 4 = 0. Suppose t = 2*f + 2*f - 36. List the prime factors of f.
3
Suppose -o + 4 = 2. Suppose -i = 3*u + 3, o*i = u - 0*u + 29. What are the prime factors of i?
2, 3
Suppose -q = -10 - 6. Let k = q + -4. What are the prime factors of k?
2, 3
Let q = 1 + 21. List the prime factors of (11/q)/((-2)/(-76)).
19
Suppose -25 = -t - 4*t. Let a = t + -5. Suppose -2 = -d - a*d. What are the prime factors of d?
2
Suppose 3*m = -2*m + 4*f + 219, -2*m - f = -85. What are the prime factors of m?
43
Let h be 1/2*0 + 2. Suppose y = -h*m - 3*m + 41, -2*y = 3*m - 61. Let j = 37 - y. What are the prime factors of j?
11
List the prime factors of 4*-1 - 99/(-3).
29
Suppose 5*c - c - 680 = 0. List the prime factors of c.
2, 5, 17
Suppose 3*x - 7 = 5. Suppose -z = x*z - 20. What are the prime factors of z?
2
Let m = -1 + 5. Suppose -2*d = -5*a - 14, 7*d - 21 = m*d - 5*a. What are the prime factors of d?
7
Let z = 38 + -26. What are the prime factors of z/(-10)*(-30)/4?
3
Let n = 37 - 13. List the prime factors of n.
2, 3
Let p(s) = -s**2 - 4*s + 2. Suppose 5*x - 3*n = -17, -4*x + n + 3*n - 12 = 0. List the prime factors of p(x).
2
List the prime factors of (17 + 1 + 0)/((-1)/(-8)).
2, 3
Let q = 11 - 13. Let l = 21 + q. What are the prime factors of l?
19
Suppose -4*j + 0*j + 272 = 0. List the prime factors of j.
2, 17
Let j = -46 - -77. List the prime factors of j.
31
Suppose -374 = -2*a + 5*y, -4*y - 2 = 14. List the prime factors of a.
3, 59
Suppose 161 - 825 = -4*t + 2*o, -3*t + 491 = -5*o. List the prime factors of t.
167
Let h(p) = -22*p + 12. What are the prime factors of h(-9)?
2, 3, 5, 7
Suppose 48 = -o + 5*o + 2*y, y = 2*o - 32. List the prime factors of o.
2, 7
Let h(u) = u**3 + u**2 + 13. Let k(g) = g**2 - 2*g. Let f be k(2). What are the prime factors of h(f)?
13
Suppose -2*c + 177 + 63 = 5*u, -25 = -5*c. List the prime factors of u.
2, 23
Let a(h) = h**3 - h + 6. Let f be a(0). Let l(y) = -y**2 + 8*y - 7. What are the prime factors of l(f)?
5
Suppose 2*k - 4*k = -230. What are the prime factors of k?
5, 23
Let i(a) = a**2 - 3*a - 5. Let x be 7/2 - 2/(-4). Suppose -3*u + 9 = 2*s, 3*u - 4*s - x = 23. What are the prime factors of i(u)?
5
Suppose -19 = 4*v + 41. Let j be (-184)/(-6) + 10/v. Suppose 3*w = -0*w + j. What are the prime factors of w?
2, 5
Let n = 10 + -16. List the prime factors of 22 + n + (0 - -3).
19
List the prime factors of (-71)/(-1) - 2*2.
67
Let x(m) = -5*m**3 - m**2 + 1. Let u(l) = l**3 + 2*l**2 - 3*l - 1. Let d be u(-3). List the prime factors of x(d).
5
Suppose 0 = -2*o + 5*o - 18. Suppose 0 = 7*u - o*u + 7. Let x = u - -23. What are the prime factors of x?
2
Suppose 0 = -6*m - 154 + 436. What are the prime factors of m?
47
Let u(n) = -3*n**2 + 2*n + 2. Let v be u(2). Let j be (v - -4)/((-1)/2). List the prime factors of (j + -3)*(11 - -1).
2, 3
Let u(o) = o**2 + 8*o - 11. Let v be u(-9). Let y be (-16)/(-10)*(v - 3). Let l = -5 - y. What are the prime factors of l?
3
Suppose 3*k - 5*k = 3*p - 28, -28 = -p + 4*k. Let c = -3 + p. What are the prime factors of c?
3
Suppose 5*w = -3*r + 201, 0*r = -4*r + 4*w + 300. List the prime factors of r.
2, 3
Let s = 96 + -56. What are the prime factors of s?
2, 5
Let p be 7 - 2 - (1 + 0). Suppose -63 = -p*u + 21. List the prime factors of u.
3, 7
Suppose 2 + 3 = h. Let z(l) = 3*l - 1. List the prime factors of z(h).
2, 7
Suppose -22*n = -24*n + 174. List the prime factors of n.
3, 29
Let l(c) = c**3 + 6*c**2 - 7*c + 3. Let o be l(-7). Let r = 14 + -8. Suppose -12 = o*d - r*d. List the prime factors of d.
2
Let i = -7 - -11. Suppose 0 = i*v - 14 - 34. What are the prime factors of v?
2, 3
Let j(q) = 5 - q + 0 + 0. What are the prime factors of j(-5)?
2, 5
List the prime factors of (28/2)/((-1)/(-2)).
2, 7
Let p(v) = 2*v**2 - 5*v + 2. Suppose -4*x + 9 = -x. What are the prime factors of p(x)?
5
Let r(n) = -2*n - 3. Let j be r(-3). Suppose 29 = j*x - 7. Suppose -b = b - x. List the prime factors of b.
2, 3
Suppose 5*x = 6*x. Suppose 3*o - 5*o - 5*c + 53 = x, 2*o - 59 = c. What are the prime factors of o?
29
Let d = 4 - -3. List the prime factors of d.
7
What are the prime factors of (3 + -4)*(-1236)/4?
3, 103
Suppose -5*o - 4*h + h = -400, -h = -3*o + 240. List the prime factors of o.
2, 5
Let q = -7 - -13. List the prime factors of q.
2, 3
Let t be -46*10/4 - 2. Suppose k - 1 = -2. What are the prime factors of k/(-4) + t/(-12)?
2, 5
Let y(v) = -v**3 - 5*v**2 + 3*v - 2. List the prime factors of y(-7).
3, 5
Let j = -68 - -166. What are the prime factors of j?
2, 7
Suppose -5*o + 2*h + 35 = 0, 4*h + 0 = 4*o - 16. Suppose 100 = 5*i - 0*i. Let u = i - o. List the prime factors of u.
11
Let d(h) = -h + h - 5 + 34 - h. What are the prime factors of d(13)?
2
Let r(c) = c**3 - 3*c**2 + 4*c - 2. Let l be r(2). Let g = 4 - l. Suppose 9 = g*p + p. List the prime factors of p.
3
Let n(o) = -19*o**3 + 3*o**2 - 3. List the prime factors of n(-2).
7, 23
Let v be 2/(5/(100/8)). Suppose -x + j = -37 + 3, 0 = -x + v*j + 30. What are the prime factors of x?
5, 7
Let a = -45 + 95. List the prime factors of a.
2, 5
Suppose 250 = 7*f - 191. What are the prime factors of f?
3, 7
Suppose 2*w = -9*w + 1507. List the prime factors of w.
137
Suppose 4*s + s = 120. Suppose g + g - s = 0. List the prime factors of g.
2, 3
Let z(s) = -2*s + 5. Let t be z(4). Let n(w) = -10*w**2 - 11*w - 9. Let c(g) = 7*g**2 + 7*g + 6. Let a(u) = 7*c(u) + 5*n(u). What are the prime factors of a(t)?
2, 3
Suppose -5*z - 146 = -646. What are the prime factors of z?
2, 5
Suppose -4*g = -0*x - x - 6, -5*g = -15. Let h(y) = -3*y. Let k be h(x). What are the prime factors of (k/27)/((-2)/39)?
13
Suppose -31 = -10*u + 39. What are the prime factors of u?
7
List the prime factors of 3020/18 + (-40)/(-180).
2, 3, 7
Let p(d) = d**2 + d + 13. Let x be p(0). Suppose 2*t + 5*o = 3*t + x, o - 11 = -4*t. Suppose g = -2*g - z + 27, -t*g + 18 = -z. What are the prime factors of g?
3
Let v(w) = -3*w + 3. What are the prime factors of v(-7)?
2, 3
Suppose -5*n + 4*c = -36, 4*n - 25 - 11 = 5*c. Let v = n - 4. Suppose v = 2*j - 2*z - 10, -j + 3 + 1 = -2*z. List the prime factors of j.
2, 3
Suppose 8 = 2*x - 2*l, 2*x - 2 = -0*x - 4*l. Suppose x*z - 23 = 22. What are the prime factors of z?
3, 5
Let q(u) = u**2 + 4*u - 7. Let z be q(-6). Let f(t) = t - 9 + 9. List the prime factors of f(z).
5
Suppose 0 = n - 5*n + 24. Suppose -3*s + n*s + 120 = 0. What are the prime factors of (12/30)/((-1)/s)?
2
Suppose -2*p = -46 + 4. List the prime factors of -3 + p/3 + 2.
2, 3
Let g be ((-44)/10)/(1/(-5)). Suppose -q = -g - 6. List the prime factors of q.
2, 7
Let w be 3/(-1) + (6 - 4). What are the prime factors of (-95)/(-10) - w/(-2)?
3
Suppose -3*s = 3*u - 87, -u - 3*u + 144 = 5*s. List the prime factors of s.
2, 7
Let j(s) = s**3 - 3*s**2 + 2*s - 2. Let i be j(3). Suppose -g - i*g + 150 = 0. Suppose -4*d = -9*d + g. List the prime factors of d.
2, 3
Let n(m) = -m**3 - 3*m**2 + 6*m + 4. Let d be n(-4). List the prime factors of (-3 - d)*-1*-25.
5
Let k = 199 - 113. Let s = k - 59. Suppose -q - 2*q = -s. What are the prime factors of q?
3
Let v(f) be the first derivative of f**3/3 + 5*f**2 + 10*f + 2. List the prime factors of v(-11).
3, 7
Suppose 2*a - 8 = -i - 0, a = 3*i + 4. Suppose 0 = -a*m + 26 + 50. List the prime factors of m.
19
Let d = -5 - -11. Let c(k) = k - 6. Let v be c(d). Suppose -b - 2*f = v, -5*b - f + 14 = -b. List the prime factors of b.
2
Let x(z) = z**2 - 5*z - 15. What are the prime factors of x(-9)?
3, 37
Let h(z) = 11*z + 9. List the prime factors of h(9).
2, 3
Let r(i) = -7 + 3*i + 7 + i. List the prime factors of r(1).
2
Let y(l) = l + 3. Let i be y(3). Suppose 3*j - i = 30. Suppose 3*m = 9 + j. List the prime factors of m.
7
Let s be 6/(-15) - (-12)/5. Suppose 4*h - 53 = t, 2*t - t = -s*h + 19. List the prime factors of h.
2, 3
Let b(z) = -4*z**3 - 6*z**2 - 5*z - 5. Let v(m) = -m**3 - m. Let t(y) = b(y) - 3*v(y). Let